{"id":2545,"date":"2026-04-02T10:00:15","date_gmt":"2026-04-02T08:00:15","guid":{"rendered":"http:\/\/localhost\/la%20ligne%20de%20cr%C3%AAte\/?page_id=2545"},"modified":"2026-04-08T14:07:54","modified_gmt":"2026-04-08T12:07:54","slug":"biographie","status":"publish","type":"page","link":"http:\/\/iserois.es\/?page_id=2545","title":{"rendered":"Biographie"},"content":{"rendered":"\t\t<div data-elementor-type=\"wp-page\" data-elementor-id=\"2545\" class=\"elementor elementor-2545\">\n\t\t\t\t<div class=\"elementor-element elementor-element-1bfd16b e-flex e-con-boxed e-con e-parent\" data-id=\"1bfd16b\" data-element_type=\"container\" data-e-type=\"container\" id=\"page-top\" data-settings=\"{&quot;background_background&quot;:&quot;classic&quot;}\">\n\t\t\t\t\t<div class=\"e-con-inner\">\n\t\t<div class=\"elementor-element elementor-element-1950799 e-con-full e-flex e-con e-child\" data-id=\"1950799\" data-element_type=\"container\" data-e-type=\"container\">\n\t\t\t\t<div class=\"elementor-element elementor-element-b3fb74e elementor-icon-list--layout-inline elementor-list-item-link-full_width elementor-widget elementor-widget-icon-list\" data-id=\"b3fb74e\" data-element_type=\"widget\" data-e-type=\"widget\" data-widget_type=\"icon-list.default\">\n\t\t\t\t\t\t\t<ul class=\"elementor-icon-list-items elementor-inline-items\">\n\t\t\t\t\t\t\t<li class=\"elementor-icon-list-item elementor-inline-item\">\n\t\t\t\t\t\t\t\t\t\t\t<span class=\"elementor-icon-list-icon\">\n\t\t\t\t\t\t\t<i aria-hidden=\"true\" class=\"icon icon-settings1\"><\/i>\t\t\t\t\t\t<\/span>\n\t\t\t\t\t\t\t\t\t\t<span class=\"elementor-icon-list-text\">BIBLIOGRAPHIE<\/span>\n\t\t\t\t\t\t\t\t\t<\/li>\n\t\t\t\t\t\t<\/ul>\n\t\t\t\t\t\t<\/div>\n\t\t\t\t<div class=\"elementor-element elementor-element-e870a89 elementor-view-framed elementor-shape-circle elementor-widget elementor-widget-icon\" data-id=\"e870a89\" data-element_type=\"widget\" data-e-type=\"widget\" data-widget_type=\"icon.default\">\n\t\t\t\t\t\t\t<div class=\"elementor-icon-wrapper\">\n\t\t\t<a class=\"elementor-icon\" href=\"#content\">\n\t\t\t<svg aria-hidden=\"true\" class=\"e-font-icon-svg e-fas-angle-double-down\" viewBox=\"0 0 320 512\" xmlns=\"http:\/\/www.w3.org\/2000\/svg\"><path d=\"M143 256.3L7 120.3c-9.4-9.4-9.4-24.6 0-33.9l22.6-22.6c9.4-9.4 24.6-9.4 33.9 0l96.4 96.4 96.4-96.4c9.4-9.4 24.6-9.4 33.9 0L313 86.3c9.4 9.4 9.4 24.6 0 33.9l-136 136c-9.4 9.5-24.6 9.5-34 .1zm34 192l136-136c9.4-9.4 9.4-24.6 0-33.9l-22.6-22.6c-9.4-9.4-24.6-9.4-33.9 0L160 352.1l-96.4-96.4c-9.4-9.4-24.6-9.4-33.9 0L7 278.3c-9.4 9.4-9.4 24.6 0 33.9l136 136c9.4 9.5 24.6 9.5 34 .1z\"><\/path><\/svg>\t\t\t<\/a>\n\t\t<\/div>\n\t\t\t\t\t\t<\/div>\n\t\t\t\t<\/div>\n\t\t\t\t\t<\/div>\n\t\t\t\t<\/div>\n\t\t<div class=\"elementor-element elementor-element-0734999 e-flex e-con-boxed e-con e-parent\" data-id=\"0734999\" data-element_type=\"container\" data-e-type=\"container\" id=\"content\">\n\t\t\t\t\t<div class=\"e-con-inner\">\n\t\t\t\t<div class=\"elementor-element elementor-element-8c0accc elementor-widget elementor-widget-heading\" data-id=\"8c0accc\" data-element_type=\"widget\" data-e-type=\"widget\" data-widget_type=\"heading.default\">\n\t\t\t\t\t<h2 class=\"elementor-heading-title elementor-size-default\">MON PARCOURS<\/h2>\t\t\t\t<\/div>\n\t\t\t\t<div class=\"elementor-element elementor-element-c0eb3b4 elementor-widget elementor-widget-text-editor\" data-id=\"c0eb3b4\" data-element_type=\"widget\" data-e-type=\"widget\" data-widget_type=\"text-editor.default\">\n\t\t\t\t\t\t\t\t\t<p>Je suis n\u00e9 en Is\u00e8re, \u00e0 l\u2019h\u00f4pital de La Tronche, comme beaucoup de Grenoblois, le 20 f\u00e9vrier 1971. C\u2019est au lyc\u00e9e de Boisfleury que j&rsquo;ai rencontr\u00e9 celle qui allait devenir ma compagne, et avec qui je partage ma vie depuis 1991. Nous sommes parents de deux enfants.<\/p><p>Issu de la soci\u00e9t\u00e9 civile, \u00ab\u00a0politique\u00a0\u00bb plut\u00f4t que \u00ab\u00a0politicien\u00a0\u00bb, je suis avant tout un citoyen engag\u00e9, et je n\u2019ai jamais cess\u00e9 de travailler depuis que je suis en \u00e2ge de le faire.<\/p><p>Fils de commer\u00e7ant, j\u2019ai d\u2019abord \u00e9t\u00e9 commer\u00e7ant moi-m\u00eame et chef d\u2019entreprise pendant de nombreuses ann\u00e9es sous la Halle Sainte Claire de Grenoble. Apr\u00e8s la vente de mon entreprise, j\u2019ai travaill\u00e9 dans le secteur de l\u2019accompagnement de personnes en situation de handicap dans le monde du travail.<\/p><p>J\u2019ai \u00e9t\u00e9 ensuite cadre dans une collectivit\u00e9 territoriale o\u00f9 j\u2019ai d\u00e9velopp\u00e9 un secteur sant\u00e9. Je suis ensuite devenu conseiller \u00e0 P\u00f4le Emploi. C\u2019est pendant cette p\u00e9riode que j\u2019ai d\u00e9cid\u00e9 de me reconvertir professionnellement. J\u2019ai suivi une formation de conducteur de transport routier interurbain de voyageurs dans une soci\u00e9t\u00e9 de transport public dans laquelle je travaille depuis janvier 2015.<\/p>\t\t\t\t\t\t\t\t<\/div>\n\t\t\t\t<div class=\"elementor-element elementor-element-6c17aec elementor-widget elementor-widget-heading\" data-id=\"6c17aec\" data-element_type=\"widget\" data-e-type=\"widget\" data-widget_type=\"heading.default\">\n\t\t\t\t\t<h2 class=\"elementor-heading-title elementor-size-default\">MES VALEURS<\/h2>\t\t\t\t<\/div>\n\t\t\t\t<div class=\"elementor-element elementor-element-74a60fe elementor-widget elementor-widget-text-editor\" data-id=\"74a60fe\" data-element_type=\"widget\" data-e-type=\"widget\" data-widget_type=\"text-editor.default\">\n\t\t\t\t\t\t\t\t\t<p>Cette activit\u00e9 professionnelle vari\u00e9e ne m\u2019a pas emp\u00each\u00e9 de m\u2019engager, depuis 1990, dans un combat associatif aupr\u00e8s des plus d\u00e9favoris\u00e9s d\u2018entre nous en cr\u00e9ant ce qui est devenu aujourd\u2019hui le Samu Social de Grenoble que j\u2019ai pr\u00e9sid\u00e9 jusqu\u2019en 2015. J\u2019en reste toujours un membre actif. Le 18 novembre 2017,\u00a0<a href=\"https:\/\/stephanegemmani.fr\/post\/2017\/11\/19\/Remise-des-insignes-de-Chevalier-de-l%E2%80%99Ordre-du-M%C3%A9rite-%C3%A0-St%C3%A9phane-Gemmani%2C-fondateur-du-Samu-Social-%C3%A0-Grenoble%2C-des-mains-de-Xavier-Emmanuelli\">les insignes de Chevalier de l\u2019Ordre national du M\u00e9rite<\/a>\u00a0m&rsquo;ont \u00e9t\u00e9 remises des mains du Docteur Xavier Emmanuelli.<\/p><p>Dans cette action, j\u2019ai d\u00e9velopp\u00e9 une expertise sur l\u2019accueil des populations pr\u00e9caires, de la gestion des flux spontan\u00e9es de migrants, de la gestion des terrains dits des gens du voyage, du d\u00e9veloppement de projets sur l\u2019h\u00e9bergement d\u2019urgence, de l\u2019acc\u00e8s \u00e0 la sant\u00e9 des populations pr\u00e9caires, des probl\u00e9matiques li\u00e9s au non acc\u00e8s au droits, etc\u2026<\/p><p>Au cours de ces ann\u00e9es, j\u2019ai appris les exigences du c\u0153ur face \u00e0 la raison. J\u2019ai d\u00fb affronter de nombreuses difficult\u00e9s et trouver l\u2019\u00e9nergie n\u00e9cessaire pour faire avancer les choses et aboutir les projets. Je me suis investi sans compter avec pour seul objectif celui de participer \u00e0 l&rsquo;am\u00e9lioration de la vie de mes concitoyens.<\/p><p>Les r\u00e9sultats et la confiance re\u00e7us en retour sont la plus belle r\u00e9compense de l&rsquo;efficacit\u00e9 des actions entreprises avec le soutien des femmes et des hommes qui ont souhait\u00e9 me rejoindre.<\/p><p>Il arrive cependant un moment o\u00f9 les moyens, les outils n\u00e9cessaires \u00e0 l&rsquo;\u00e9volution de ces actions finissent par manquer. Or, les instruments d\u2019un travail plus efficace existent, mais sont l\u2019apanage des \u00e9lus.<\/p>\t\t\t\t\t\t\t\t<\/div>\n\t\t\t\t<div class=\"elementor-element elementor-element-6f365cd elementor-widget elementor-widget-heading\" data-id=\"6f365cd\" data-element_type=\"widget\" data-e-type=\"widget\" data-widget_type=\"heading.default\">\n\t\t\t\t\t<h2 class=\"elementor-heading-title elementor-size-default\">MES ENGAGEMENTS<\/h2>\t\t\t\t<\/div>\n\t\t\t\t<div class=\"elementor-element elementor-element-c77b2fa elementor-widget elementor-widget-text-editor\" data-id=\"c77b2fa\" data-element_type=\"widget\" data-e-type=\"widget\" data-widget_type=\"text-editor.default\">\n\t\t\t\t\t\t\t\t\t<div class=\"post-excerpt\"><p>C\u2019est donc naturellement que j\u2019ai prolong\u00e9 cet engagement par l\u2019action politique.<\/p><p>En 2002, je fais la connaissance de Corinne Lepage et j\u2019int\u00e8gre son mouvement Cap 21. Je deviens alors vice-pr\u00e9sident et porte-parole du mouvement Cap 21 ainsi que co-fondateur du mouvement \u00ab Le Rassemblement Citoyen \u00bb .<\/p><p>Je suis \u00e9lu pour la premi\u00e8re fois en 2008 sur la liste de Michel Destot, o\u00f9 je suis devenu conseiller municipal d\u00e9l\u00e9gu\u00e9 de la ville de Grenoble, en charge du handicap, de l\u2019accessibilit\u00e9, de la pr\u00e9vention et de la pr\u00e9conisation sociale jusqu&rsquo;en 2014.<\/p><p>Ce mandat m\u2019a permis de porter des politiques novatrices en mati\u00e8re de handicap, autant sur l\u2019accessibilit\u00e9 des ERP, de l\u2019inclusion des personnes en situation de handicap dans le monde du travail, dans les \u00e9coles, dans le sport, dans la culture, permettant de hisser la ville de Grenoble en t\u00eate des villes les plus accessibles de France et d\u2019Europe.<\/p><p>Je suis \u00e9lu conseiller r\u00e9gional d\u2019Auvergne-Rh\u00f4ne-Alpes depuis d\u00e9cembre 2015, d\u2019abord avec Jean-Jack Queyranne, puis en tant que porte-parole du groupe \u00abSocialiste, \u00c9cologiste et D\u00e9mocrate\u00bb avec Najat Vallaud-Belkacem, dans l&rsquo;opposition \u00e0 Laurent Wauquiez.<\/p><p>Aujourd&rsquo;hui, je porte la responsabilit\u00e9 de rassembler celles et ceux qui, par-del\u00e0 leurs histoires et leurs cultures politiques, cherchent une issue sociale et \u00e9cologiste aux crises que nous traversons. La responsabilit\u00e9 de rassembler celles et ceux qui ne veulent pas laisser l\u2019espace inoccup\u00e9 de cette gauche r\u00e9publicaine, sociale et d\u00e9mocrate. C\u2019est une entreprise au long cours, et nous devons relever les manches pour rassembler les forces sociales, culturelles, citoyennes et politiques disponibles.<\/p><p>Je m\u2019inscris dans la lign\u00e9e d\u2019Hubert Dubedout ; de cette gauche progressiste qui a si longtemps incarn\u00e9 notre territoire : pour une gauche de rassemblement, r\u00e9publicaine, \u00e9cologiste, humaniste, sociale et la\u00efque, qui refuse les compromissions et la d\u00e9magogie, qui sait pourquoi et pour qui elle se bat, et o\u00f9 elle va.<\/p><\/div><div class=\"post-content\"><p><iframe src=\"https:\/\/www.dailymotion.com\/embed\/video\/x2njf2\" width=\"640\" height=\"360\" frameborder=\"0\" allowfullscreen=\"allowfullscreen\" data-mce-fragment=\"1\"><\/iframe><br \/><a href=\"http:\/\/www.dailymotion.com\/video\/x2njf2_vinci-codex-association-stephane-ge_news\" target=\"_blank\" rel=\"noopener\">VINCI | CODEX | Association St\u00e9phane GEMMANI<\/a>\u00a0<i>par\u00a0<a href=\"http:\/\/www.dailymotion.com\/gemmani\" target=\"_blank\" rel=\"noopener\">gemmani<\/a><\/i>\u00a0<iframe src=\"https:\/\/www.youtube.com\/embed\/Ms3h2hXsyII\" width=\"640\" height=\"360\" frameborder=\"0\" allowfullscreen=\"allowfullscreen\" data-mce-fragment=\"1\"><\/iframe><\/p><p><strong>le Curriculum Vitae&#8230;\u00a0<a title=\"Curiculum Vitae de St\u00e9phane Gemmani\" href=\"https:\/\/stephanegemmani.fr\/public\/2016\/CV_StephaneGemmani.pdf\" hreflang=\"fr\">(cliquez ici pour la version .pdf)<\/a><\/strong><\/p><\/div>\t\t\t\t\t\t\t\t<\/div>\n\t\t\t\t\t<\/div>\n\t\t\t\t<\/div>\n\t\t<div class=\"elementor-element elementor-element-04f9d3e e-flex e-con-boxed e-con e-parent\" data-id=\"04f9d3e\" data-element_type=\"container\" data-e-type=\"container\">\n\t\t\t\t\t<div class=\"e-con-inner\">\n\t\t\t\t<div class=\"elementor-element elementor-element-34800d1 elementor-widget elementor-widget-image\" data-id=\"34800d1\" data-element_type=\"widget\" data-e-type=\"widget\" data-widget_type=\"image.default\">\n\t\t\t\t\t\t\t\t\t\t\t\t\t\t\t\t<a href=\"http:\/\/iserois.es\/wp-content\/uploads\/2026\/04\/CV_Stephane_Gemmani.jpg\" data-elementor-open-lightbox=\"yes\" data-elementor-lightbox-title=\"CV_Stephane_Gemmani\" data-e-action-hash=\"#elementor-action%3Aaction%3Dlightbox%26settings%3DeyJpZCI6NTM2MSwidXJsIjoiaHR0cDpcL1wvaXNlcm9pcy5lc1wvd3AtY29udGVudFwvdXBsb2Fkc1wvMjAyNlwvMDRcL0NWX1N0ZXBoYW5lX0dlbW1hbmkuanBnIn0%3D\">\n\t\t\t\t\t\t\t<img fetchpriority=\"high\" decoding=\"async\" width=\"1024\" height=\"662\" src=\"http:\/\/iserois.es\/wp-content\/uploads\/2026\/04\/CV_Stephane_Gemmani-1024x662.jpg\" class=\"attachment-large size-large wp-image-5361\" alt=\"\" srcset=\"http:\/\/iserois.es\/wp-content\/uploads\/2026\/04\/CV_Stephane_Gemmani-1024x662.jpg 1024w, http:\/\/iserois.es\/wp-content\/uploads\/2026\/04\/CV_Stephane_Gemmani-300x194.jpg 300w, http:\/\/iserois.es\/wp-content\/uploads\/2026\/04\/CV_Stephane_Gemmani-768x497.jpg 768w, http:\/\/iserois.es\/wp-content\/uploads\/2026\/04\/CV_Stephane_Gemmani-1536x993.jpg 1536w, http:\/\/iserois.es\/wp-content\/uploads\/2026\/04\/CV_Stephane_Gemmani-2048x1325.jpg 2048w\" sizes=\"(max-width: 1024px) 100vw, 1024px\" \/>\t\t\t\t\t\t\t\t<\/a>\n\t\t\t\t\t\t\t\t\t\t\t\t\t\t\t<\/div>\n\t\t\t\t\t<\/div>\n\t\t\t\t<\/div>\n\t\t\t\t<\/div>\n\t\t","protected":false},"excerpt":{"rendered":"<p>BIBLIOGRAPHIE MON PARCOURS Je suis n\u00e9 en Is\u00e8re, \u00e0 l\u2019h\u00f4pital de La Tronche, comme beaucoup de Grenoblois, le 20 f\u00e9vrier 1971. C\u2019est au lyc\u00e9e de Boisfleury que j&rsquo;ai rencontr\u00e9 celle qui allait devenir ma compagne, et avec qui je partage ma vie depuis 1991. Nous sommes parents de deux enfants. Issu de la soci\u00e9t\u00e9 civile, [&hellip;]<\/p>\n","protected":false},"author":1,"featured_media":0,"parent":0,"menu_order":0,"comment_status":"closed","ping_status":"closed","template":"elementor_header_footer","meta":{"_eb_attr":"","footnotes":""},"class_list":["post-2545","page","type-page","status-publish","hentry"],"_links":{"self":[{"href":"http:\/\/iserois.es\/index.php?rest_route=\/wp\/v2\/pages\/2545","targetHints":{"allow":["GET"]}}],"collection":[{"href":"http:\/\/iserois.es\/index.php?rest_route=\/wp\/v2\/pages"}],"about":[{"href":"http:\/\/iserois.es\/index.php?rest_route=\/wp\/v2\/types\/page"}],"author":[{"embeddable":true,"href":"http:\/\/iserois.es\/index.php?rest_route=\/wp\/v2\/users\/1"}],"replies":[{"embeddable":true,"href":"http:\/\/iserois.es\/index.php?rest_route=%2Fwp%2Fv2%2Fcomments&post=2545"}],"version-history":[{"count":37,"href":"http:\/\/iserois.es\/index.php?rest_route=\/wp\/v2\/pages\/2545\/revisions"}],"predecessor-version":[{"id":5437,"href":"http:\/\/iserois.es\/index.php?rest_route=\/wp\/v2\/pages\/2545\/revisions\/5437"}],"wp:attachment":[{"href":"http:\/\/iserois.es\/index.php?rest_route=%2Fwp%2Fv2%2Fmedia&parent=2545"}],"curies":[{"name":"wp","href":"https:\/\/api.w.org\/{rel}","templated":true}]}}